. Determine k(m).
-5
Let t(j) = -j**2 + 3*j - 4. Let g(z) = -z**2 + 6*z + 10. Let v be g(7). What is t(v)?
-4
Suppose -2 = 8*j - 9*j. Let i(z) = -5*z + 5 - z - 8*z**2 + 9*z**j + z. What is i(5)?
5
Let y = 0 - -4. Suppose s - y*s - 12 = 0. Let l(g) = -2*g + 0*g - 2*g - 5. Give l(s).
11
Let g(k) = 2*k - 3 + 4 - 3. Let m(x) = -x**3 - x**2 + 2*x + 3. Let c be m(-2). Suppose -4*a + 3*n = -31, a - 2*n = -c*n - 1. Give g(a).
6
Suppose 2*j - 3*u = 22, 4*j - 17 = 3*j + 3*u. Let x(p) = 3*p. Let a be x(1). Let g(i) = -i + 6 - 3 + a. Give g(j).
1
Let b(a) = -8*a + 1. Let z(g) = 3*g + 4. Let y(w) = -2*w - 3. Let o(p) = -4*y(p) - 3*z(p). Let v be 16/12 + (-2)/6. Let l(c) = v*b(c) + o(c). Give l(1).
-8
Let v(l) = 2*l - 9 - 3*l - 4 + 15. Give v(-4).
6
Let b(n) = -2 - n**2 + 3*n - 2 + 1 - 1. Let s be ((-3)/(-4))/((-1)/(-4)). Let h be b(s). Let m(u) = u**3 + 5*u**2 + 2*u. What is m(h)?
8
Let a(i) = 1. Let m(y) = 3*y. Let s(q) = 6*a(q) - m(q). Determine s(5).
-9
Let z = 4 - -5. Suppose -4*q - z = -6*q - 3*c, -3*q = 3*c - 12. Let t(b) = -5*b**3 + q*b**3 + 5 - 4. What is t(1)?
-1
Let l(v) = 11 + v - 28 + 14 - v**2 - 7*v. What is l(-4)?
5
Let w(d) be the second derivative of d**3/6 + d**2 - 6*d. Determine w(3).
5
Let t be 15/25 - 42/(-5). Let h(n) = n**2 - 8*n - 7. Let y be h(t). Let d(l) = -l**y + 0 + 5 + 4*l - l**3 + 5*l**2. What is d(5)?
0
Let n(y) = 4 + 6*y - 4 - 4*y. Suppose c - 8 = -6. Determine n(c).
4
Let y(o) = o. Let v be y(3). Let n(b) = b**3 - 2*b**2 - 2*b. Let c be n(v). Let f(l) = -l + 7 + 2*l - 3. Give f(c).
7
Let h be 1 + 1/((-3)/6). Let q = 1 + h. Let k(d) = -d + 7. Calculate k(q).
7
Let p(c) = 65*c + 0 - 60*c + 2. Let n = -6 + 4. Calculate p(n).
-8
Suppose p - t + 2 = 4*p, 5*p + 2*t - 2 = 0. Let l(a) be the third derivative of 1/12*a**4 - 1/20*a**5 + 0*a + 0*a**3 - 3*a**2 + 0. What is l(p)?
-8
Let w(c) = -c**2 - 10*c - 16. Let x be w(-8). Let b(l) = -l**3 - l**2 - 19. Calculate b(x).
-19
Suppose d - 6 = 5*h + 10, 26 = 5*d + 2*h. Let p(s) be the second derivative of s**5/20 - 7*s**4/12 + 2*s**3/3 + 5*s**2/2 - 4*s. Give p(d).
-7
Suppose -t - 24 = 2*t. Let z(p) = p. Determine z(t).
-8
Suppose -4*y = 9 - 65. Let q(b) = 13 - y + b + 0*b. Determine q(-2).
-3
Let v(x) = -15*x**2 + 20*x - 17. Suppose 0*w = -2*m + w + 38, -3*w = 5*m - 73. Let y(f) = -5*f**2 + 7*f - 6. Let t(u) = m*y(u) - 6*v(u). Calculate t(-1).
6
Let h(v) = -v**3 + 8*v**2 + 7*v - 7. Let b(c) = -c**3 + 9*c**2 + 7*c - 7. Let y(o) = 4*b(o) - 5*h(o). Let a = 11 + -6. Calculate y(a).
-3
Let k(g) be the second derivative of g**5/20 - g**4/6 - g**3/3 + g**2/2 + 22*g. Give k(-2).
-11
Let w(c) = -c + 5. Suppose h + 12 = 4*h. Let z be w(h). Let x(v) = -6*v**2 + v. Let m(n) = 17*n**2 - 3*n. Let s(j) = -4*m(j) - 11*x(j). What is s(z)?
-1
Suppose 9 = -4*l - 7. Let o be (2/l)/((-1)/4). Let p(r) = r**3 - 3*r**2 - 4*r + 4*r + 1. What is p(o)?
-3
Let o(t) = t**2 + 7*t + 3. Let k be 22/(-33) + (-13)/3. Give o(k).
-7
Let v(a) = 2*a + 10. Let k(g) = -2*g**2 + 8*g + 5. Let b be k(5). What is v(b)?
0
Let d(f) = f**2 - 8*f + 7. Let a be d(6). Let x(v) be the first derivative of -5/2*v**2 + 6*v - 1/3*v**3 + 1. Determine x(a).
6
Let a(w) = 2*w + w - 4*w - 2. Give a(3).
-5
Suppose 3*m + m = -4*a + 16, -4*m = -5*a + 2. Let j(k) = -6 - k**3 + 5*k**m + 0*k**3 + k**3 + k**3. Let y be 4/(-6) - 13/3. What is j(y)?
-6
Let a(n) = n + 3. Let h be (1/2)/(1/(-2)). Let c be 145/20 + (-3)/12. Let g be 1*(2/h + c). Calculate a(g).
8
Suppose 0 = d + 4 - 2. Let s be 4*2/4 - -2. Let b(z) = -2 - s*z + 0 + 2*z + 4*z. Give b(d).
-6
Let u = 8 - 14. Let o(t) = -7*t. Let d(j) = -8*j - 1. Let m(p) = u*o(p) + 5*d(p). Give m(5).
5
Let j(w) be the second derivative of w**5/20 - w**4/4 + 2*w**3/3 - w**2 - 33*w. Determine j(2).
2
Suppose 3*y = -y + 72. Suppose -4*w = 3*p + w - y, 3*p - 5*w + 12 = 0. Let o(f) = -6*f. Determine o(p).
-6
Let l(z) = z**2 + 3*z + 3. Suppose -g + 10 = -4*w - w, -2*w - 2*g - 4 = 0. Determine l(w).
1
Let o(d) be the second derivative of 0 - 1/3*d**3 + 5/2*d**2 - 4*d. Determine o(6).
-7
Let z(d) = 3*d**2 - 2*d + 1. Let n(q) = -4*q**2 + 3*q - 2. Let i(l) = 2*n(l) + 3*z(l). Calculate i(3).
8
Suppose -13 + 3 = -5*y. Let h(b) = 4*b + 6 - 5*b - 4 - b**2. What is h(y)?
-4
Let l(a) = -a**2 - 4*a. Suppose 1 + 11 = 3*r. Suppose -2*w = -r*w + 40. Suppose -w = u - 0*u - 3*s, 4*u - 3*s + 35 = 0. Give l(u).
-5
Let n be 1/((-1)/14) - -5. Let q(m) = -m - 2. Determine q(n).
7
Let o(m) = -2*m**2 - 23*m - 7. Let v be o(-11). Let i(f) = f**3 - f**2 - 5*f - 1. Calculate i(v).
27
Let t be 5*-1*(-4)/(-10). Let u(q) = q**2 + 2*q - 1. Let m(w) = -2*w**2 - 7*w + 3. Let k(c) = 2*m(c) + 7*u(c). Calculate k(t).
11
Let u be ((-4)/14)/(-2 - 26/(-14)). Let s(d) = d + 8. Let o be s(-6). Let f(z) = 4*z**2 + 7 - z**o - z**u - 4 + 4*z. Determine f(-2).
3
Let b(f) be the first derivative of -f**4/4 - f**3/3 + 2*f**2 - 3*f - 6. Give b(2).
-7
Let i(v) = v + 9. Let g be i(-5). Let r(w) = w**3 - 3*w**2 - 5*w - 2. Calculate r(g).
-6
Let f be 3 - (14 - -1)/(-1). Suppose -n = 2*n - f. Let l(x) = -x**3 + 5*x**2 + 4*x + 5. Calculate l(n).
-7
Suppose -3*g - 2 + 17 = 3*j, 2*g + 14 = 4*j. Let b be j/4*7/(-1). Let a(q) = q**3 + 8*q**2 + 8*q + 5. What is a(b)?
-2
Let a(s) = -s**2 - 2*s + 3. Let t = -106 + 72. Let c be (-12)/54 + t/9. What is a(c)?
-5
Let z be 3*(-2)/(-2) + -1. Let x(d) = d**3 - 4*d**2 + 2. Let j(w) = 2*w + 0*w + w**2 + 0*w - w. Let r(t) = -j(t) - x(t). Give r(z).
0
Let o(y) be the second derivative of -y**4/12 + y**3 - y**2 + 4*y. Suppose -14 = b - 4*d - 50, -d = -3*b + 152. Let q be b/9 + (-2)/(-9). Calculate o(q).
-2
Let s(m) = -5*m**2 - 6 - 10*m + 4*m**2 + 4*m. Suppose 0 = -p + 2*p + n, 3*p - 3*n + 6 = 0. Let y = p - 3. Calculate s(y).
2
Let u = 2 - 6. Let q(a) = 7*a**2 + a**3 + 4*a - 745 + 749 - 2*a**2. What is q(u)?
4
Let k = -3 - -6. Let f be (k/(-2))/((-2)/(-4)). Let y(q) = -q**3 - 2*q**2 + 5*q + 3. Let x be y(f). Let v(w) = w - 3. What is v(x)?
-6
Let a(i) be the second derivative of -i**3/3 + 2*i**2 + 30*i. What is a(-3)?
10
Let q(g) = -4*g**2 + 4*g**3 + 6*g**2 - 3*g**3 - 3*g**2. Calculate q(0).
0
Suppose d = -k - k, 2*k + 24 = 5*d. Suppose 5*c = 0, -d*y + 5*c + 4 = -4. Let u(b) = 2*b**3 - 3*b**2 + 2*b - 3. What is u(y)?
5
Let g(a) = -2*a**2 - 3*a - 250 + 0*a + 249. What is g(3)?
-28
Let t(f) be the second derivative of -1/6*f**3 + 0 - f + 5/2*f**2. Suppose -g = -2*g. What is t(g)?
5
Let p(f) = -f**3 - f**2 + f + 1. Let b be p(0). Let o(k) = k - 4*k + 2 + b + 4*k. Calculate o(-5).
-2
Let s = -109 + 64. Let o be -1 + (-4)/2 - -1. Let y be s/10 - o/(-4). Let q(a) = -a**3 - 6*a**2 - 4*a + 1. Give q(y).
-4
Let y(t) = -t**2 - 3*t - 2. Suppose 0 = 5*z + 5, -3*p + 2*z - 1 = 9. Determine y(p).
-6
Let r(a) be the third derivative of a**6/20 - a**4/12 + a**3/6 + a**2. Let g be r(1). Let x be (g - (1 + 0))/(-1). Let q(i) = i**2 + 3*i - 1. What is q(x)?
3
Let m(f) = 2*f**3 - 12*f**2 + 3*f + 3. Let b(h) = h**3 - 6*h**2 + h + 1. Suppose 0 = -2*g - 2 - 2, -v = -4*g - 5. Let p(x) = v*m(x) + 5*b(x). What is p(5)?
1
Suppose 0*z + z = 6. Let s(o) = 5*o**3 - 8*o**2 - 2*o - 3. Let r(w) = -9*w**3 + 15*w**2 + 3*w + 5. Let k(f) = z*r(f) + 11*s(f). What is k(-3)?
0
Let r(k) = -k**2 - 13*k - 13. Let m be r(-12). Let s(w) = 5*w + 5. Let p(l) = l**2. Let h(y) = m*s(y) + p(y). Calculate h(5).
-5
Let z(n) = n**3 - 5*n**2 - 8*n + 8. Let m(w) = w**3 + 6*w**2 + w - 7. Suppose -2*f - 8 = 4*v + f, -5*v = 3*f + 13. Let d be m(v). Let l = d + -7. Give z(l).
-4
Let g(s) = 5*s - 4. Let l be g(2). Let w(a) = -a**3 + 7*a**2 - 3*a. What is w(l)?
18
Let y(m) = -m**3 + m**2 - 1. Suppose -2 = -h - 1. What is y(h)?
-1
Let j(c) = -2*c**2 + 30*c - 2 - 34*c + c**2. Let o be (-4)/(-6) - (-40)/(-6). Let n = 2 + o. Determine j(n).
-2
Let j(l) be the first derivative of 1/20*l**5 + 1 - 1/2*l**2 - 2*l - 1/12*l**4 - 1/6*l**3. Let a(u) be the first derivative of j(u). Give a(2).
1
Let p(a) = -4*a**3 - 2*a - 1. Suppose -4*l + 0*c - 4*c = 24, -5*l = 3*c + 20. Calculate p(l).
5
Suppose m = 5*o - 4, 2*m = -o - 7 - 1. Suppose 2*t - 4*c = c + 10, -2*c = 0. Suppose o = -8*f + t*f - 3. Let n(i) = -3*i - 1. Give n(f).
2
Suppose -5*n + 0*n = -2*x - 15, -n = 4*x - 25. Let s(q) = -q**2 + 4*q - 3. Determine s(x).
-8
Let n(x) = -x**2. Suppose 4*t - 2*c = 14, 3*t + 15 = -2*t - 4*c. Give n(t).
-1
Suppose 2*